{"id":339,"date":"2015-01-19T21:41:06","date_gmt":"2015-01-19T20:41:06","guid":{"rendered":"http:\/\/moehnen.de\/wordpress\/?page_id=339"},"modified":"2019-11-26T11:18:47","modified_gmt":"2019-11-26T10:18:47","slug":"profil","status":"publish","type":"page","link":"https:\/\/www.stahlfisch.de\/home\/profil\/","title":{"rendered":"Profil"},"content":{"rendered":"<div id=\"pl-339\"  class=\"panel-layout\" ><div id=\"pg-339-0\"  class=\"panel-grid panel-no-style\" ><div id=\"pgc-339-0-0\"  class=\"panel-grid-cell\" ><div id=\"panel-339-0-0-0\" class=\"so-panel widget widget_moesia_services moesia_services_widget panel-first-child panel-last-child\" data-index=\"0\" >\t\t<section id=\"services\" class=\"services-area\">\n\t\t\t<div class=\"container\">\n\t\t\t\t<h3 class=\"widget-title\"><span class=\"wow bounce\">Profil<\/span><\/h3>\t\t\t\t\t\t\t\t\t\t\t\t\t\t\t\t\t\t\t<div class=\"service col-md-4 col-sm-6 col-xs-6\">\n\t\t\t\t\t\t\t\t\t\t\t\t<h4 class=\"service-title wow fadeInUp\">Unser Team<\/h4><div class=\"service-desc wow fadeInUp\"><ul>\r\n \t<li>9 Qualifizierte Facharbeiter<\/li>\r\n \t<li>3 Auszubildende<\/li>\r\n \t<li>1 Metallbaumeister<\/li>\r\n \t<li>1 Metallbaumeister und -Techniker<\/li>\r\n \t<li>1 Kauffrau und Bilanzbuchhalterin<\/li>\r\n<\/ul>\r\nWir pflegen die Zusammenarbeit mit Tiefbauunternehmen, Schreinereien, Zimmereien sowie Glasherstellern, um unseren Kunden Komplettl\u00f6sungen anbieten zu k\u00f6nnen.<\/div>\t\t\t\t\t<\/div>\n\t\t\t\t\t\t\t\t\t\t\t\t\t\t\t\t\t\t\t<div class=\"service col-md-4 col-sm-6 col-xs-6\">\n\t\t\t\t\t\t\t\t\t\t\t\t<h4 class=\"service-title wow fadeInUp\">Qualifikationen<\/h4><div class=\"service-desc wow fadeInUp\"><ul>\r\n \t<li>2 gepr\u00fcfte Schwei\u00dffachm\u00e4nner<\/li>\r\n \t<li>8 gepr\u00fcfte Schwei\u00dfer<\/li>\r\n \t<li>3 Auszubildende<\/li>\r\n \t<li><a href=\"https:\/\/www.stahlfisch.de\/home\/wp-content\/uploads\/2026\/03\/Schweisszertifikat.pdf\">Schwei\u00dfzertifikat gem\u00e4\u00df DIN EN 1090<\/a><\/li>\r\n \t<li><a href=\"https:\/\/www.stahlfisch.de\/home\/wp-content\/uploads\/2026\/03\/Werkseigene-Produktionskontrolle.pdf\">WPK-Zertifikat gem\u00e4\u00df DIN EN 1090<\/a><\/li>\r\n<\/ul><\/div>\t\t\t\t\t<\/div>\n\t\t\t\t\t\t\t\t\t\t\t\t\t\t\t\t\t\t\t<div class=\"service col-md-4 col-sm-6 col-xs-6\">\n\t\t\t\t\t\t\t\t\t\t\t\t<h4 class=\"service-title wow fadeInUp\">Historie<\/h4><div class=\"service-desc wow fadeInUp\"><ul>\r\n\t<li>1910 pachten Margareta und Andreas Fischer die Gemeindeschmiede in Staffelbach.<\/li>\r\n\t<li>1945 \u00fcbernimmt Adam Fischer den elterlichen Betrieb. In dieser Zeit f\u00fchrte unsere Firma erstmals die Art von Schlosserarbeiten aus, wie wir sie heute kennen.<\/li>\r\n\t<li>1977 wird der Betrieb an den Sohn Vinzenz Fischer \u00fcbergeben, welcher das Unternehmen kontinuierlich ausbaut.<\/li>\r\n\t<li>2000 verstirbt Vinzenz Fischer. Martin, Rainer und Anja Fischer f\u00fchren seitdem die Firma weiter.<\/li>\r\n<\/ul><\/div>\t\t\t\t\t<\/div>\n\t\t\t\t\t\t\t<\/div>\n\t\t\t\t\t\t\t\t\t\n\t\t<\/section>\t\t\n\t<\/div><\/div><\/div><\/div>","protected":false},"excerpt":{"rendered":"<p>Profil Unser Team 9 Qualifizierte Facharbeiter 3 Auszubildende 1 Metallbaumeister 1 Metallbaumeister und -Techniker 1 Kauffrau und Bilanzbuchhalterin Wir pflegen die Zusammenarbeit mit Tiefbauunternehmen, Schreinereien, Zimmereien sowie Glasherstellern, um unseren [&hellip;]<\/p>\n","protected":false},"author":2,"featured_media":0,"parent":0,"menu_order":0,"comment_status":"closed","ping_status":"closed","template":"page_front-page.php","meta":{"footnotes":""},"class_list":["post-339","page","type-page","status-publish","hentry","gallery-content-unit"],"_links":{"self":[{"href":"https:\/\/www.stahlfisch.de\/home\/wp-json\/wp\/v2\/pages\/339","targetHints":{"allow":["GET"]}}],"collection":[{"href":"https:\/\/www.stahlfisch.de\/home\/wp-json\/wp\/v2\/pages"}],"about":[{"href":"https:\/\/www.stahlfisch.de\/home\/wp-json\/wp\/v2\/types\/page"}],"author":[{"embeddable":true,"href":"https:\/\/www.stahlfisch.de\/home\/wp-json\/wp\/v2\/users\/2"}],"replies":[{"embeddable":true,"href":"https:\/\/www.stahlfisch.de\/home\/wp-json\/wp\/v2\/comments?post=339"}],"version-history":[{"count":5,"href":"https:\/\/www.stahlfisch.de\/home\/wp-json\/wp\/v2\/pages\/339\/revisions"}],"predecessor-version":[{"id":372,"href":"https:\/\/www.stahlfisch.de\/home\/wp-json\/wp\/v2\/pages\/339\/revisions\/372"}],"wp:attachment":[{"href":"https:\/\/www.stahlfisch.de\/home\/wp-json\/wp\/v2\/media?parent=339"}],"curies":[{"name":"wp","href":"https:\/\/api.w.org\/{rel}","templated":true}]}}